*o + g = 6. Let m(v) = -20*v + 9. List the prime factors of m(b).
109
Suppose -5*t + 10785 = 3*v, 3*t = 4*v + 8126 - 1684. Suppose -4*z + 7*z - t = 0. What are the prime factors of z?
2, 359
Suppose -4*c = -3*z + 38666, 3*z - 7332 = -2*c + 31376. List the prime factors of z.
2, 6449
Let m(k) = 87*k - 42. List the prime factors of m(56).
2, 3, 5, 7, 23
Let t(l) = 66*l**2 + 16*l - 2. Let g be t(-7). Suppose 3*z - 4*u - g = -z, 4*z - 3124 = 3*u. List the prime factors of z.
2, 7
Suppose -5*l - 4*o + 16 = 0, -5*l - 6*o + 4 = -5*o. Suppose -5*q = -5*x - 3320, 10*q - 14*q - 4*x + 2648 = l. What are the prime factors of q?
3, 13, 17
Let t(w) be the third derivative of w**5/30 - 5*w**4/24 - w**3/2 - 6*w**2. Let h be t(3). Suppose 5*m + 25 = 0, 2*m + h*m = -f. What are the prime factors of f?
2, 5
Suppose -2*r - r + 6 = 0. Suppose -3*b = -7 - r. Suppose -3*i = -4*f - 192, -b*f + 516 = 5*i + 196. List the prime factors of i.
2
Suppose 4*f - 16 = 3*o, -4*f - 4*o = -2*f - 8. Suppose -f*x + 48 - 24 = 0. Suppose x*w + 265 = 11*w. What are the prime factors of w?
53
Let w = 46 + -41. Suppose 0 = w*z - 18 - 47. Let g(y) = y**2 - 14*y + 27. What are the prime factors of g(z)?
2, 7
Let u = -214 + 36. Let l = -88 - u. Suppose 0 = 9*h - l - 117. List the prime factors of h.
23
What are the prime factors of (-49)/392 - (-9305)/8?
1163
Let l = 98294 + -34105. What are the prime factors of l?
64189
Let w(f) = 2*f**3 - 28*f**2 + 30*f - 56. Let z be w(13). What are the prime factors of 208 - (8/2 - z)?
2, 5
Suppose 0 = -173*o + 188*o - 121500. What are the prime factors of o?
2, 3, 5
Suppose 5*k - 42 = -4*y, -29 = -k - 4*y - 11. Let z be (10/12 - 1) + (-77487)/(-414). Suppose z = k*l - 179. List the prime factors of l.
61
Let j(n) = -21*n**3 + n. Suppose 7*s - 10 = 4. Let p be 2 + 15/(-3) + s. What are the prime factors of j(p)?
2, 5
Let t(h) = 349*h - 69. List the prime factors of t(23).
2, 23, 173
Let a = 12822 - -10437. List the prime factors of a.
3, 7753
Let y(a) = -7*a - 48. Let d(q) = -q**3 + q**2 - 2*q - 55. Let j be d(0). Let f = 38 + j. List the prime factors of y(f).
71
Suppose -17*u + 8*u + 1377 = 0. Suppose -8*f + u = -2063. List the prime factors of f.
277
Suppose x = -x + 388. Let o(v) = 120*v**2 - 26*v - 103. Let f be o(-3). Suppose -3*r + f = x. What are the prime factors of r?
7, 41
Let z be 2/3 - 3/((-36)/3172). Let q = z - 44. What are the prime factors of q?
13, 17
Let z = -30 + 35. Suppose -6*b - 14 = -13*b. Suppose 0 = h - 2*c + c - 64, -z*h = -b*c - 323. List the prime factors of h.
5, 13
Let x = -450 + 781. Let j = 875 - x. What are the prime factors of j?
2, 17
Suppose -x - 11 = -5*t, 11 = 5*x + t - 12. Let f be ((-2154)/(-4))/((-63)/(-84)). Suppose -4*s - x*m = m - 727, -2*m = 4*s - f. List the prime factors of s.
2, 89
Suppose -249039 = -1998*z + 1977*z. What are the prime factors of z?
3, 59, 67
Let u(c) = 2*c**3 + 10*c**2 + 5*c - 3. Let z be (-30)/5 + 2 + 0. Let b be u(z). Suppose b*m - 1954 - 44 = 0. List the prime factors of m.
2, 3, 37
Let x = -318 - -123. Let a = 38 - x. List the prime factors of a.
233
Let f = 5409 + 10257. What are the prime factors of f?
2, 3, 7, 373
Let w(p) = -5*p - 36. Let y be w(-7). List the prime factors of (3 - 3 - y)*421.
421
Suppose -6 = -555*r + 556*r, -2*m = 3*r - 4232. What are the prime factors of m?
5, 17
What are the prime factors of (2/3)/(68/(-204)) + 42689?
3, 17, 31
Let u be 20/(-12)*3/(-5) - 0. List the prime factors of (-21861)/(-54) + ((-1)/(-6))/u.
3, 5
What are the prime factors of (-34)/68*4/6*-10182?
2, 1697
Let a(h) be the second derivative of -h**5/20 - h**4/3 + 2*h**3/3 + 7*h**2/2 - 8*h. Let y be a(-6). Suppose -3*j = -74 - y. What are the prime factors of j?
43
Suppose 0 = -45*u + 1209 + 591. Suppose -u*s + 33*s + 3745 = 0. List the prime factors of s.
5, 107
What are the prime factors of (1*2)/((-246)/(-369)) - (-2940)/2?
3, 491
Suppose 2*a + 5*j - 2*j - 133 = 0, -5*j + 267 = 4*a. Let c = a - 64. Suppose f = 5*o + 205, -5*f - c*o + 5*o + 1073 = 0. What are the prime factors of f?
5, 43
Let p = 1432 + -702. Suppose -460 = -7*a + p. List the prime factors of a.
2, 5, 17
Suppose 17*u + 171760 = 112*u. What are the prime factors of u?
2, 113
What are the prime factors of 8/18 - -1085*(-2398)/(-198)?
17, 773
Let y = -83 - -88. Suppose -y*p + 3*n = -2129, 4*p + 5*n = -0*n + 1718. What are the prime factors of p?
7, 61
Suppose z + v = 13725 - 2160, -3*z + v + 34679 = 0. List the prime factors of z.
11, 1051
Let q be (-4257)/(-66) + 2*3/(-12). Suppose 3338 = -62*h + q*h. What are the prime factors of h?
1669
List the prime factors of 269*(-1)/(-4)*(-70)/7*-6.
3, 5, 269
Let x = 4295 - 1207. List the prime factors of x.
2, 193
Let g be 20/(-15)*(-4236)/8. Let h = 1944 - g. What are the prime factors of h?
2, 619
Suppose 0 = -78*s + 9261 + 68583. What are the prime factors of s?
2, 499
Let r = 9004 + -3045. List the prime factors of r.
59, 101
Let p(v) = -v**3 + 20*v**2 + 39*v + 54. Suppose 0*t = 2*t - l - 44, 2*t - 38 = -2*l. What are the prime factors of p(t)?
2, 3
Let o = 60 + -55. Suppose -g - 3 = -o. Suppose g*j = -5*m + 126, j = 4*j + 4*m - 175. List the prime factors of j.
53
Let o = -61 + 81. Let l be (-1 + 1)*(-2 + o/8). Suppose -p - 4*p = 5*d - 920, -2*d = l. What are the prime factors of p?
2, 23
Suppose 1301*o - 4829124 = 1249*o - 402468. What are the prime factors of o?
2, 3, 3547
Let b(u) = -158*u - 4. Let h(m) = -3*m**2 + 20*m + 6. Let d be 2/12 + (-574)/(-84). Let f be h(d). List the prime factors of b(f).
2, 7, 11
Suppose -5*i = -6*v + 2*v - 258, -52 = -i + v. Suppose -i = -2*g - 3*g. List the prime factors of (15/g)/((-1)/(-92)).
2, 3, 23
Let t(z) = -481*z**3 - z - 2. Suppose -2 = -3*y + 5*a, 4*a = 5*y - 1 + 2. List the prime factors of t(y).
2, 3, 5
Let b(a) = 2*a**2 + 19*a - 18. Let y be ((-38)/4)/((-5)/(-10)). List the prime factors of b(y).
7
What are the prime factors of (-152)/(-28) - (-9)/(-21) - -37478?
37483
List the prime factors of (-19)/228 + (-168292)/(-48) + 6.
2, 439
Suppose -4*z = -2*t - 396, 2*t + 2*z = -3*z - 387. What are the prime factors of 1155/4 - 49/t?
17
Suppose -w + 1220 = -332. Let y = -678 + w. List the prime factors of y.
2, 19, 23
Suppose -490 = -4*j - 486. Let f(s) = 463*s**3 - 3*s**2 + 7*s - 5. List the prime factors of f(j).
2, 3, 7, 11
Let u(a) = -16*a + 67 - 26 - 29. Let q be u(-7). Suppose -11*m - q = -817. List the prime factors of m.
3, 7
Suppose -69*d = 796277 - 4028444. List the prime factors of d.
139, 337
Let u = 102363 - 24931. List the prime factors of u.
2, 9679
Let w(q) = -5*q + 9. Let p be w(3). Let x = 10 + p. List the prime factors of (-192)/(-2) - (x + -3).
5, 19
Suppose -4*j + 11*j - 49 = 0. Let l be j*14/35*(-10)/(-4). Let c(y) = 18*y + 51. What are the prime factors of c(l)?
3, 59
Let m(k) = 1422*k - 1322*k - 41 - 9. List the prime factors of m(4).
2, 5, 7
Let h(v) = -83*v + 11. What are the prime factors of h(-12)?
19, 53
Let t = -86 - -84. Let w be 13 - 13 - 2*109/t. Let a = w - 105. List the prime factors of a.
2
Suppose -q = -2*p + 7, -2*p - 3*p - 4*q = -50. Suppose -p*y + 5*y + 586 = 0. List the prime factors of y.
2, 293
Suppose 2*c - 2*h = 13645 + 39545, 3*c - 4*h - 79784 = 0. What are the prime factors of c?
2, 61, 109
Let w(j) = 4*j**2 - 13. Let n(z) = 4*z**2 - z - 14. Suppose 12 + 9 = 7*b. Let p(h) = b*w(h) - 2*n(h). What are the prime factors of p(-5)?
79
What are the prime factors of (7 + -8)*(2 + -362*327/6)?
19727
Let k = -10 + 9. Let c(j) = 3*j - 7 - 19*j**3 + 2*j**2 - 172*j**3 + 9 - 31*j**3. List the prime factors of c(k).
223
Suppose 17*z - 46 = 39. Suppose 2*o - 4*o + f = -625, 2*o + z*f - 643 = 0. List the prime factors of o.
2, 157
Let g(x) = -8*x**2 - 4*x - 3. Let b be g(-1). Let l(q) = 3*q + 26. Let s be l(b). Suppose h - s*p - 8 = -p, 5*p = -3*h + 24. What are the prime factors of h?
2
Suppose -565*b - 10178 = -572*b. Suppose 7*y = b + 5308. What are the prime factors of y?
2, 3, 7, 23
Let x be 4134/104 - (-1)/4. List the prime factors of x*((-34)/(-4) + -4).
2, 3, 5
Suppose 4050 = 5*m - 10*m. Let f = -381 - m. List the prime factors of f.
3, 11, 13
Let z be (2 - -2) + -12 + 10. Suppose 19 = z*k + 3*p, -3*p - 4 + 74 = 5*k. Suppose 22*b - 750 = k*b. What are the prime factors of b?
2, 3, 5
List the 